{"id":19,"date":"2016-10-03T13:01:33","date_gmt":"2016-10-03T13:01:33","guid":{"rendered":"http:\/\/kreuzweg-m700.de\/?page_id=19"},"modified":"2020-08-08T12:45:29","modified_gmt":"2020-08-08T12:45:29","slug":"kontakt","status":"publish","type":"page","link":"https:\/\/kreuzweg-m700.de\/?page_id=19","title":{"rendered":"Kontakt"},"content":{"rendered":"\n<p>Und so erreichen Sie&nbsp;uns &#8211; f\u00fcr Feedback, Kritik, Lob oder einfach f\u00fcr Anmerkungen. Gerne sind wir auch zu einem konstruktiven Erfahrungsaustausch mit allen Interessierten bereit. \u00dcber R\u00fcckmeldungen freuen wir uns immer!<\/p>\n\n\n\n<p>Kontakt unter postmaster@kreuzweg-m700.de<\/p>\n\n\n\n<div id=\"sitelock_shield_logo\" class=\"fixed_btm\" style=\"bottom:0;position:fixed;_position:absolute;right:0;\"> <a href=\"https:\/\/www.sitelock.com\/verify.php?site=kreuzweg-m700.de\" onclick=\"window.open('https:\/\/www.sitelock.com\/verify.php?site=kreuzweg-m700.de','SiteLock','width=600,height=600,left=160,top=170');return false;\"><img decoding=\"async\" alt=\"malware removal and website security\" title=\"SiteLock\" src=\"\/\/shield.sitelock.com\/shield\/kreuzweg-m700.de\" \/><\/a><\/div>\n\n\n\n<p><\/p>\n","protected":false},"excerpt":{"rendered":"<p>Und so erreichen Sie&nbsp;uns &#8211; f\u00fcr Feedback, Kritik, Lob oder einfach f\u00fcr Anmerkungen. Gerne sind wir auch zu einem konstruktiven Erfahrungsaustausch mit allen Interessierten bereit. \u00dcber R\u00fcckmeldungen freuen wir uns immer! Kontakt unter postmaster@kreuzweg-m700.de<\/p>\n","protected":false},"author":1,"featured_media":0,"parent":0,"menu_order":0,"comment_status":"closed","ping_status":"closed","template":"","meta":{"footnotes":""},"class_list":["post-19","page","type-page","status-publish","hentry"],"_links":{"self":[{"href":"https:\/\/kreuzweg-m700.de\/index.php?rest_route=\/wp\/v2\/pages\/19","targetHints":{"allow":["GET"]}}],"collection":[{"href":"https:\/\/kreuzweg-m700.de\/index.php?rest_route=\/wp\/v2\/pages"}],"about":[{"href":"https:\/\/kreuzweg-m700.de\/index.php?rest_route=\/wp\/v2\/types\/page"}],"author":[{"embeddable":true,"href":"https:\/\/kreuzweg-m700.de\/index.php?rest_route=\/wp\/v2\/users\/1"}],"replies":[{"embeddable":true,"href":"https:\/\/kreuzweg-m700.de\/index.php?rest_route=%2Fwp%2Fv2%2Fcomments&post=19"}],"version-history":[{"count":0,"href":"https:\/\/kreuzweg-m700.de\/index.php?rest_route=\/wp\/v2\/pages\/19\/revisions"}],"wp:attachment":[{"href":"https:\/\/kreuzweg-m700.de\/index.php?rest_route=%2Fwp%2Fv2%2Fmedia&parent=19"}],"curies":[{"name":"wp","href":"https:\/\/api.w.org\/{rel}","templated":true}]}}